factor of 928 and 203000.
232
What is the highest common divisor of 3066098 and 7002?
778
What is the greatest common divisor of 11016 and 72?
72
What is the greatest common factor of 2015232 and 32?
32
Calculate the greatest common factor of 565 and 35.
5
What is the greatest common factor of 128040 and 1760?
440
What is the greatest common factor of 75978 and 88452?
1134
What is the greatest common divisor of 198130 and 60?
10
What is the greatest common divisor of 80248 and 112?
56
What is the highest common divisor of 18984 and 638337?
2373
What is the greatest common factor of 110 and 63195?
55
Calculate the highest common divisor of 2540 and 55372.
508
Calculate the greatest common factor of 588 and 1666.
98
What is the highest common factor of 5 and 11405?
5
What is the highest common factor of 4865768 and 1896?
632
Calculate the greatest common divisor of 12 and 7737180.
12
What is the greatest common divisor of 56190 and 60?
30
Calculate the greatest common factor of 971056 and 1329.
443
Calculate the highest common divisor of 60 and 4965.
15
Calculate the highest common factor of 165 and 2138433.
33
Calculate the greatest common divisor of 2798740 and 56.
28
What is the highest common divisor of 1298 and 96288?
118
Calculate the highest common factor of 790 and 218356.
158
Calculate the highest common factor of 1040 and 29172.
52
Calculate the highest common factor of 180 and 15828.
12
What is the highest common divisor of 3388 and 3221141?
847
Calculate the highest common divisor of 335 and 3685.
335
What is the greatest common factor of 275640 and 344?
8
Calculate the highest common divisor of 3390 and 1601436.
678
Calculate the greatest common factor of 260 and 21420.
20
Calculate the greatest common factor of 68 and 502282.
34
What is the highest common factor of 1739262 and 378?
42
What is the highest common factor of 4350079 and 17?
17
Calculate the highest common factor of 120 and 131680.
40
Calculate the highest common divisor of 10553 and 7381.
61
What is the greatest common factor of 8027 and 13960?
349
What is the highest common factor of 37255 and 25?
5
Calculate the highest common factor of 1955 and 977891.
391
Calculate the greatest common factor of 320 and 155.
5
Calculate the greatest common divisor of 3790 and 20087.
379
Calculate the highest common divisor of 6075 and 99825.
75
What is the highest common divisor of 5172 and 29892?
12
Calculate the greatest common divisor of 21360 and 520.
40
What is the greatest common factor of 646 and 59242?
38
What is the highest common factor of 9 and 6537?
3
Calculate the greatest common factor of 54415 and 20.
5
Calculate the greatest common divisor of 154235 and 20.
5
What is the greatest common divisor of 18 and 59004?
18
What is the greatest common divisor of 21490 and 70?
70
Calculate the greatest common factor of 682747 and 377.
377
Calculate the greatest common divisor of 344 and 34228.
172
What is the highest common factor of 85543 and 1048?
131
What is the highest common divisor of 16 and 365632?
16
What is the greatest common factor of 471 and 855493?
157
What is the highest common divisor of 533 and 18161?
13
Calculate the greatest common divisor of 519458 and 358.
358
Calculate the highest common factor of 1179 and 9.
9
What is the highest common factor of 1605793 and 28?
7
Calculate the highest common factor of 71 and 4970.
71
Calculate the highest common factor of 220 and 65329.
11
What is the greatest common divisor of 241166 and 148?
74
Calculate the highest common factor of 735 and 1617.
147
What is the highest common factor of 3577 and 219?
73
Calculate the highest common factor of 99 and 31515.
33
What is the highest common factor of 1151518 and 322?
46
Calculate the greatest common divisor of 3833125 and 625.
625
Calculate the highest common factor of 420 and 18732.
84
Calculate the greatest common factor of 175 and 945.
35
Calculate the highest common divisor of 26 and 549614.
26
Calculate the greatest common divisor of 29925 and 422541.
1197
What is the greatest common factor of 270 and 526770?
270
Calculate the highest common divisor of 418 and 6574.
38
Calculate the greatest common divisor of 23500 and 112048.
188
What is the highest common factor of 23 and 325657?
23
What is the greatest common divisor of 204 and 27897?
51
Calculate the highest common factor of 2576 and 13639.
23
Calculate the greatest common factor of 6468 and 252.
84
What is the greatest common divisor of 72 and 627516?
36
Calculate the greatest common factor of 136 and 40732.
68
Calculate the greatest common divisor of 2085079 and 19.
19
What is the greatest common factor of 14263 and 136?
17
What is the greatest common factor of 140 and 1526?
14
Calculate the greatest common factor of 6734 and 87906.
182
Calculate the greatest common factor of 176368 and 292.
292
Calculate the greatest common divisor of 1989 and 18486.
117
Calculate the greatest common factor of 6 and 13191.
3
Calculate the highest common divisor of 6538 and 294.
14
Calculate the greatest common divisor of 494 and 10049.
13
Calculate the greatest common factor of 6155 and 20.
5
Calculate the greatest common divisor of 10327 and 129312.
449
Calculate the highest common divisor of 837 and 135.
27
Calculate the greatest common factor of 7 and 463876.
7
Calculate the highest common divisor of 42273 and 2745.
549
What is the greatest common divisor of 20950 and 31844?
838
Calculate the greatest common factor of 27906 and 54.
6
What is the greatest common factor of 54 and 776052?
18
Calculate the highest common factor of 704 and 12864.
64
Calculate the highest common factor of 136404 and 20.
4
What is the greatest common factor of 80 and 1551600?
80
What is the highest common factor of 38 and 269933?
19
Calculate the greatest common factor of 103 and 63345.
103
Calculate the greatest common divisor of 2190931 and 1205.
241
Calculate the highest common factor of 299 and 35009.
13
Calculate the greatest common divisor of 6443 and 1955.
17
Calculate the greatest common divisor of 740597 and 1573.
143
What is the greatest common factor of 118 and 68086?
118
What is the greatest common factor of 7 and 85792?
7
What is the greatest common factor of 102168 and 84?
12
What is the greatest common divisor of 2262998 and 314?
314
Calculate the highest common divisor of 56 and 20920.
8
Calculate the highest common divisor of 32330 and 424.
106
What is the highest common divisor of 52489 and 1?
1
Calculate the greatest common divisor of 12 and 74548.
4
Calculate the highest common divisor of 17832 and 60.
12
What is the greatest common divisor of 1166 and 24002?
22
What is the highest common factor of 143 and 12727?
143
Calculate the highest common factor of 113928 and 16.
8
Calculate the highest common factor of 141979 and 23.
23
What is the highest common factor of 1512560 and 224?
112
Calculate the highest common divisor of 11509 and 71085.
677
What is the highest common factor of 1865032 and 16344?
1816
Calculate the greatest common factor of 33232 and 4496.
16
Calculate the greatest common divisor of 10285 and 1649.
17
Calculate the highest common factor of 189 and 1414.
7
What is the highest common divisor of 5686992 and 144?
144
What is the highest common factor of 9600 and 104100?
300
What is the greatest common divisor of 14945 and 20?
5
Calculate the highest common divisor of 5478 and 858054.
498
What is the greatest common factor of 154820 and 460?
20
What is the greatest common factor of 1268 and 3036860?
1268
Calculate the greatest common divisor of 336558 and 21.
3
What is the greatest common factor of 2208 and 14766?
138
Calculate the greatest common factor of 625002 and 1932.
966
What is the greatest common divisor of 10936 and 48?
8
What is the greatest common factor of 31872 and 12736?
64
Calculate the highest common factor of 1312 and 244852.
164
What is the highest common factor of 2554865 and 155?
155
Calculate the greatest common factor of 123705 and 10.
5
What is the highest common factor of 944 and 592?
16
What is the greatest common factor of 136 and 1598?
34
Calculate the highest common factor of 26 and 2070146.
26
Calculate the greatest common divisor of 1132 and 5174372.
1132
Calculate the greatest com